{"id":2125,"date":"2026-01-09T16:36:19","date_gmt":"2026-01-09T19:36:19","guid":{"rendered":"https:\/\/coltex.com.br\/site\/?page_id=2125"},"modified":"2026-01-09T16:37:19","modified_gmt":"2026-01-09T19:37:19","slug":"colecao-vitta","status":"publish","type":"page","link":"https:\/\/coltex.com.br\/site\/colecao-vitta\/","title":{"rendered":"Cole\u00e7\u00e3o VITTA"},"content":{"rendered":"\n<div class=\"wp-block-group alignfull has-background is-layout-flow wp-block-group-is-layout-flow\" style=\"background-color:#f5eac1;padding-top:6vw;padding-right:6vw;padding-bottom:6vw;padding-left:6vw\">\n<div class=\"wp-block-group is-vertical is-nowrap is-layout-flex wp-container-core-group-is-layout-36fd9ea3 wp-block-group-is-layout-flex\" style=\"padding-right:0;padding-left:0\">\n<h6 class=\"wp-block-heading has-text-color\" id=\"ecosystem\" style=\"color:#000000;font-size:clamp(14px, 0.875rem + ((1vw - 3.2px) * 0.156), 16px);\">ECOSYSTEM<\/h6>\n\n\n\n<p class=\"has-text-color\" style=\"color:#000000;font-size:6vw;font-style:normal;font-weight:700;letter-spacing:0px;line-height:0.9;text-decoration:none;text-transform:none\">Cole\u00e7\u00e3o VITTA<\/p>\n<\/div>\n\n\n\n<div style=\"height:1vw\" aria-hidden=\"true\" class=\"wp-block-spacer\"><\/div>\n\n\n\n<div class=\"wp-block-group alignwide is-vertical is-nowrap is-layout-flex wp-container-core-group-is-layout-7946b6b8 wp-block-group-is-layout-flex\" style=\"padding-top:0;padding-right:0;padding-bottom:0;padding-left:0\">\n<div class=\"wp-block-columns alignwide is-layout-flex wp-container-core-columns-is-layout-21b20327 wp-block-columns-is-layout-flex\">\n<div class=\"wp-block-column is-layout-flow wp-block-column-is-layout-flow\" style=\"flex-basis:33.38%\">\n<p class=\"has-text-color\" style=\"color:#000000;font-size:clamp(14px, 0.875rem + ((1vw - 3.2px) * 0.234), 17px);\">Depois de um tempo, voc\u00ea percebe que a vida \u00e9 uma dan\u00e7a.<br>Que cada passo conta e que cada ciclo tem seu valor.<\/p>\n\n\n\n<p class=\"has-text-color\" style=\"color:#000000;font-size:clamp(14px, 0.875rem + ((1vw - 3.2px) * 0.234), 17px);\">A cole\u00e7\u00e3o VITA est\u00e1 al\u00e9m dos tecidos;<br>\u00c9 uma homenagem profunda \u00e0 ess\u00eancia da vida,<br>Um convite a explorar suas nuances,<br>A se permitir fluir com as transforma\u00e7\u00f5es.<br>Com um nome que ressoa sabedoria antiga, VITA nos lembra da origem de nossa exist\u00eancia,<br>Instigando reflex\u00f5es sobre a jornada que todos n\u00f3s trilhamos.<br>Cada tecido \u00e9 um tributo ao nosso crescimento,<br>Uma express\u00e3o do movimento constante, da adapta\u00e7\u00e3o \u00e0s mudan\u00e7as,<br>Da reinven\u00e7\u00e3o que acontece a cada est\u00e1gio.<br>Depois de um tempo, voc\u00ea aprende a valorizar o presente,<br>A apreciar o agora enquanto se prepara para o que est\u00e1 por vir.<br>VITA \u00e9 uma celebra\u00e7\u00e3o da vida em movimento,<br>Um lembrete de que estamos sempre em fluxo,<br>Que cada ciclo \u00e9 uma chance de crescer, aprender e florescer.<br>E assim, voc\u00ea descobre que, em cada detalhe,<br>H\u00e1 uma hist\u00f3ria esperando para ser contada,<br>Um momento esperando para ser vivido,<br>Porque, no final, a vida \u00e9 isso:<br>Uma s\u00e9rie de movimentos,<br>Uma cole\u00e7\u00e3o de experi\u00eancias.<\/p>\n\n\n\n<p class=\"has-text-color\" style=\"color:#000000;font-size:clamp(14px, 0.875rem + ((1vw - 3.2px) * 0.234), 17px);\"><\/p>\n<\/div>\n\n\n\n<div class=\"wp-block-column is-layout-flow wp-block-column-is-layout-flow\" style=\"flex-basis:33%\">\n<div style=\"height:2vw\" aria-hidden=\"true\" class=\"wp-block-spacer\"><\/div>\n\n\n\n<figure class=\"wp-block-image size-large\"><img loading=\"lazy\" decoding=\"async\" width=\"683\" height=\"1024\" src=\"https:\/\/coltex.com.br\/site\/wp-content\/uploads\/2026\/01\/RIVIERA-9-Copia-683x1024.jpg\" alt=\"\" class=\"wp-image-2096\" srcset=\"https:\/\/coltex.com.br\/site\/wp-content\/uploads\/2026\/01\/RIVIERA-9-Copia-683x1024.jpg 683w, https:\/\/coltex.com.br\/site\/wp-content\/uploads\/2026\/01\/RIVIERA-9-Copia-200x300.jpg 200w, https:\/\/coltex.com.br\/site\/wp-content\/uploads\/2026\/01\/RIVIERA-9-Copia-768x1152.jpg 768w, https:\/\/coltex.com.br\/site\/wp-content\/uploads\/2026\/01\/RIVIERA-9-Copia-8x12.jpg 8w, https:\/\/coltex.com.br\/site\/wp-content\/uploads\/2026\/01\/RIVIERA-9-Copia-600x900.jpg 600w, https:\/\/coltex.com.br\/site\/wp-content\/uploads\/2026\/01\/RIVIERA-9-Copia.jpg 914w\" sizes=\"auto, (max-width: 683px) 100vw, 683px\" \/><\/figure>\n<\/div>\n\n\n\n<div class=\"wp-block-column is-layout-flow wp-block-column-is-layout-flow\" style=\"flex-basis:33.62%\">\n<figure class=\"wp-block-image size-large\"><img loading=\"lazy\" decoding=\"async\" width=\"683\" height=\"1024\" src=\"https:\/\/coltex.com.br\/site\/wp-content\/uploads\/2026\/01\/GOLFAIR-7-683x1024.jpg\" alt=\"\" class=\"wp-image-2099\" srcset=\"https:\/\/coltex.com.br\/site\/wp-content\/uploads\/2026\/01\/GOLFAIR-7-683x1024.jpg 683w, https:\/\/coltex.com.br\/site\/wp-content\/uploads\/2026\/01\/GOLFAIR-7-200x300.jpg 200w, https:\/\/coltex.com.br\/site\/wp-content\/uploads\/2026\/01\/GOLFAIR-7-768x1152.jpg 768w, https:\/\/coltex.com.br\/site\/wp-content\/uploads\/2026\/01\/GOLFAIR-7-8x12.jpg 8w, https:\/\/coltex.com.br\/site\/wp-content\/uploads\/2026\/01\/GOLFAIR-7-600x900.jpg 600w, https:\/\/coltex.com.br\/site\/wp-content\/uploads\/2026\/01\/GOLFAIR-7.jpg 914w\" sizes=\"auto, (max-width: 683px) 100vw, 683px\" \/><\/figure>\n<\/div>\n<\/div>\n\n\n\n<div class=\"wp-block-columns alignwide is-layout-flex wp-container-core-columns-is-layout-c24efe4f wp-block-columns-is-layout-flex\">\n<div class=\"wp-block-column is-layout-flow wp-block-column-is-layout-flow\" style=\"flex-basis:69%\">\n<figure class=\"wp-block-image size-large\"><img decoding=\"async\" src=\"https:\/\/coltex.com.br\/site\/wp-content\/uploads\/2025\/11\/34-SALINAS-5-683x1024.jpg\" alt=\"\" class=\"wp-image-1663\"\/><\/figure>\n<\/div>\n\n\n\n<div class=\"wp-block-column is-vertically-aligned-center is-layout-flow wp-block-column-is-layout-flow\" style=\"flex-basis:33%\">\n<div style=\"height:2vw\" aria-hidden=\"true\" class=\"wp-block-spacer\"><\/div>\n\n\n\n<p class=\"has-text-color\" style=\"color:#000000;font-size:clamp(14px, 0.875rem + ((1vw - 3.2px) * 0.234), 17px);\">VITA \u00e9 isso: o fluxo cont\u00ednuo da exist\u00eancia.<br>Um lembrete de que mudar \u00e9 parte da natureza<br>E que cada fase traz consigo a chance de florescer.<\/p>\n\n\n\n<p class=\"has-text-color\" style=\"color:#000000;font-size:clamp(14px, 0.875rem + ((1vw - 3.2px) * 0.234), 17px);\">No fim, s\u00e3o os detalhes que guardam as maiores hist\u00f3rias.<br>Nos gestos, nas pausas, nos novos come\u00e7os.<br>Porque viver \u00e9 isso:<br>Uma dan\u00e7a de movimentos,<br>Uma cole\u00e7\u00e3o de viv\u00eancias.<\/p>\n<\/div>\n<\/div>\n<\/div>\n<\/div>\n\n\n\n<figure class=\"wp-block-gallery alignwide has-nested-images columns-default is-cropped wp-block-gallery-1 is-layout-flex wp-block-gallery-is-layout-flex\">\n<figure class=\"wp-block-image size-large\"><img loading=\"lazy\" decoding=\"async\" width=\"738\" height=\"1024\" data-id=\"1989\" src=\"https:\/\/coltex.com.br\/site\/wp-content\/uploads\/2026\/01\/urban-costas-teste-1-1242x2048-1-738x1024.jpg\" alt=\"\" class=\"wp-image-1989\" srcset=\"https:\/\/coltex.com.br\/site\/wp-content\/uploads\/2026\/01\/urban-costas-teste-1-1242x2048-1-738x1024.jpg 738w, https:\/\/coltex.com.br\/site\/wp-content\/uploads\/2026\/01\/urban-costas-teste-1-1242x2048-1-216x300.jpg 216w, https:\/\/coltex.com.br\/site\/wp-content\/uploads\/2026\/01\/urban-costas-teste-1-1242x2048-1-768x1066.jpg 768w, https:\/\/coltex.com.br\/site\/wp-content\/uploads\/2026\/01\/urban-costas-teste-1-1242x2048-1-1107x1536.jpg 1107w, https:\/\/coltex.com.br\/site\/wp-content\/uploads\/2026\/01\/urban-costas-teste-1-1242x2048-1-9x12.jpg 9w, https:\/\/coltex.com.br\/site\/wp-content\/uploads\/2026\/01\/urban-costas-teste-1-1242x2048-1-600x833.jpg 600w, https:\/\/coltex.com.br\/site\/wp-content\/uploads\/2026\/01\/urban-costas-teste-1-1242x2048-1.jpg 1242w\" sizes=\"auto, (max-width: 738px) 100vw, 738px\" \/><\/figure>\n\n\n\n<figure class=\"wp-block-image size-large\"><img decoding=\"async\" data-id=\"1678\" src=\"https:\/\/coltex.com.br\/site\/wp-content\/uploads\/2025\/11\/38-SIX-9-683x1024.jpg\" alt=\"\" class=\"wp-image-1678\"\/><\/figure>\n<\/figure>\n\n\n\n<figure class=\"wp-block-embed is-type-video is-provider-youtube wp-block-embed-youtube wp-embed-aspect-16-9 wp-has-aspect-ratio\"><div class=\"wp-block-embed__wrapper\">\n<iframe loading=\"lazy\" title=\"Manifesto Coltex\" width=\"500\" height=\"281\" src=\"https:\/\/www.youtube.com\/embed\/uCIJdAspwEk?feature=oembed\" frameborder=\"0\" allow=\"accelerometer; autoplay; clipboard-write; encrypted-media; gyroscope; picture-in-picture; web-share\" referrerpolicy=\"strict-origin-when-cross-origin\" allowfullscreen><\/iframe>\n<\/div><\/figure>\n\n\n\n<figure class=\"wp-block-embed is-type-video is-provider-youtube wp-block-embed-youtube wp-embed-aspect-16-9 wp-has-aspect-ratio\"><div class=\"wp-block-embed__wrapper\">\n<iframe loading=\"lazy\" title=\"Cole\u00e7\u00e3o VITA\" width=\"500\" height=\"281\" src=\"https:\/\/www.youtube.com\/embed\/hLjDyTvn9fA?feature=oembed\" frameborder=\"0\" allow=\"accelerometer; autoplay; clipboard-write; encrypted-media; gyroscope; picture-in-picture; web-share\" referrerpolicy=\"strict-origin-when-cross-origin\" allowfullscreen><\/iframe>\n<\/div><\/figure>\n\n\n\n<figure class=\"wp-block-embed is-type-video is-provider-youtube wp-block-embed-youtube wp-embed-aspect-16-9 wp-has-aspect-ratio\"><div class=\"wp-block-embed__wrapper\">\n<iframe loading=\"lazy\" title=\"COLE\u00c7\u00c3O VITA | C\u00e1psula III\" width=\"500\" height=\"281\" src=\"https:\/\/www.youtube.com\/embed\/7zGg5AVCqwA?feature=oembed\" frameborder=\"0\" allow=\"accelerometer; autoplay; clipboard-write; encrypted-media; gyroscope; picture-in-picture; web-share\" referrerpolicy=\"strict-origin-when-cross-origin\" allowfullscreen><\/iframe>\n<\/div><\/figure>\n\n\n\n<figure class=\"wp-block-embed is-type-video is-provider-youtube wp-block-embed-youtube wp-embed-aspect-16-9 wp-has-aspect-ratio\"><div class=\"wp-block-embed__wrapper\">\n<iframe loading=\"lazy\" title=\"COLE\u00c7\u00c3O VITA | C\u00e1psula IV\" width=\"500\" height=\"281\" src=\"https:\/\/www.youtube.com\/embed\/d-Js8xLugmo?feature=oembed\" frameborder=\"0\" allow=\"accelerometer; autoplay; clipboard-write; encrypted-media; gyroscope; picture-in-picture; web-share\" referrerpolicy=\"strict-origin-when-cross-origin\" allowfullscreen><\/iframe>\n<\/div><\/figure>\n","protected":false},"excerpt":{"rendered":"<p>ECOSYSTEM Cole\u00e7\u00e3o VITTA Depois de um tempo, voc\u00ea percebe que a vida \u00e9 uma dan\u00e7a.Que cada passo conta e que cada ciclo tem seu valor. A cole\u00e7\u00e3o VITA est\u00e1 al\u00e9m dos tecidos;\u00c9 uma homenagem profunda \u00e0 ess\u00eancia da vida,Um convite a explorar suas nuances,A se permitir fluir com as transforma\u00e7\u00f5es.Com um nome que ressoa sabedoria [&hellip;]<\/p>\n","protected":false},"author":2,"featured_media":0,"parent":0,"menu_order":0,"comment_status":"closed","ping_status":"closed","template":"","meta":{"footnotes":""},"class_list":["post-2125","page","type-page","status-publish","hentry"],"yoast_head":"<!-- This site is optimized with the Yoast SEO plugin v27.5 - https:\/\/yoast.com\/product\/yoast-seo-wordpress\/ -->\n<title>Cole\u00e7\u00e3o VITTA - Coltex<\/title>\n<meta name=\"robots\" content=\"index, follow, max-snippet:-1, max-image-preview:large, max-video-preview:-1\" \/>\n<link rel=\"canonical\" href=\"https:\/\/coltex.com.br\/site\/colecao-vitta\/\" \/>\n<meta property=\"og:locale\" content=\"pt_BR\" \/>\n<meta property=\"og:type\" content=\"article\" \/>\n<meta property=\"og:title\" content=\"Cole\u00e7\u00e3o VITTA - Coltex\" \/>\n<meta property=\"og:description\" content=\"ECOSYSTEM Cole\u00e7\u00e3o VITTA Depois de um tempo, voc\u00ea percebe que a vida \u00e9 uma dan\u00e7a.Que cada passo conta e que cada ciclo tem seu valor. A cole\u00e7\u00e3o VITA est\u00e1 al\u00e9m dos tecidos;\u00c9 uma homenagem profunda \u00e0 ess\u00eancia da vida,Um convite a explorar suas nuances,A se permitir fluir com as transforma\u00e7\u00f5es.Com um nome que ressoa sabedoria [&hellip;]\" \/>\n<meta property=\"og:url\" content=\"https:\/\/coltex.com.br\/site\/colecao-vitta\/\" \/>\n<meta property=\"og:site_name\" content=\"Coltex\" \/>\n<meta property=\"article:publisher\" content=\"https:\/\/www.facebook.com\/coltextextil\" \/>\n<meta property=\"article:modified_time\" content=\"2026-01-09T19:37:19+00:00\" \/>\n<meta property=\"og:image\" content=\"https:\/\/coltex.com.br\/site\/wp-content\/uploads\/2026\/01\/RIVIERA-9-Copia.jpg\" \/>\n\t<meta property=\"og:image:width\" content=\"914\" \/>\n\t<meta property=\"og:image:height\" content=\"1371\" \/>\n\t<meta property=\"og:image:type\" content=\"image\/jpeg\" \/>\n<meta name=\"twitter:card\" content=\"summary_large_image\" \/>\n<meta name=\"twitter:label1\" content=\"Est. tempo de leitura\" \/>\n\t<meta name=\"twitter:data1\" content=\"1 minuto\" \/>\n<script type=\"application\/ld+json\" class=\"yoast-schema-graph\">{\"@context\":\"https:\\\/\\\/schema.org\",\"@graph\":[{\"@type\":\"WebPage\",\"@id\":\"https:\\\/\\\/coltex.com.br\\\/site\\\/colecao-vitta\\\/\",\"url\":\"https:\\\/\\\/coltex.com.br\\\/site\\\/colecao-vitta\\\/\",\"name\":\"Cole\u00e7\u00e3o VITTA - Coltex\",\"isPartOf\":{\"@id\":\"https:\\\/\\\/coltex.com.br\\\/site\\\/#website\"},\"primaryImageOfPage\":{\"@id\":\"https:\\\/\\\/coltex.com.br\\\/site\\\/colecao-vitta\\\/#primaryimage\"},\"image\":{\"@id\":\"https:\\\/\\\/coltex.com.br\\\/site\\\/colecao-vitta\\\/#primaryimage\"},\"thumbnailUrl\":\"https:\\\/\\\/coltex.com.br\\\/site\\\/wp-content\\\/uploads\\\/2026\\\/01\\\/RIVIERA-9-Copia-683x1024.jpg\",\"datePublished\":\"2026-01-09T19:36:19+00:00\",\"dateModified\":\"2026-01-09T19:37:19+00:00\",\"breadcrumb\":{\"@id\":\"https:\\\/\\\/coltex.com.br\\\/site\\\/colecao-vitta\\\/#breadcrumb\"},\"inLanguage\":\"pt-BR\",\"potentialAction\":[{\"@type\":\"ReadAction\",\"target\":[\"https:\\\/\\\/coltex.com.br\\\/site\\\/colecao-vitta\\\/\"]}]},{\"@type\":\"ImageObject\",\"inLanguage\":\"pt-BR\",\"@id\":\"https:\\\/\\\/coltex.com.br\\\/site\\\/colecao-vitta\\\/#primaryimage\",\"url\":\"https:\\\/\\\/coltex.com.br\\\/site\\\/wp-content\\\/uploads\\\/2026\\\/01\\\/RIVIERA-9-Copia.jpg\",\"contentUrl\":\"https:\\\/\\\/coltex.com.br\\\/site\\\/wp-content\\\/uploads\\\/2026\\\/01\\\/RIVIERA-9-Copia.jpg\",\"width\":914,\"height\":1371},{\"@type\":\"BreadcrumbList\",\"@id\":\"https:\\\/\\\/coltex.com.br\\\/site\\\/colecao-vitta\\\/#breadcrumb\",\"itemListElement\":[{\"@type\":\"ListItem\",\"position\":1,\"name\":\"In\u00edcio\",\"item\":\"https:\\\/\\\/coltex.com.br\\\/site\\\/\"},{\"@type\":\"ListItem\",\"position\":2,\"name\":\"Cole\u00e7\u00e3o VITTA\"}]},{\"@type\":\"WebSite\",\"@id\":\"https:\\\/\\\/coltex.com.br\\\/site\\\/#website\",\"url\":\"https:\\\/\\\/coltex.com.br\\\/site\\\/\",\"name\":\"Coltex\",\"description\":\"\",\"publisher\":{\"@id\":\"https:\\\/\\\/coltex.com.br\\\/site\\\/#organization\"},\"potentialAction\":[{\"@type\":\"SearchAction\",\"target\":{\"@type\":\"EntryPoint\",\"urlTemplate\":\"https:\\\/\\\/coltex.com.br\\\/site\\\/?s={search_term_string}\"},\"query-input\":{\"@type\":\"PropertyValueSpecification\",\"valueRequired\":true,\"valueName\":\"search_term_string\"}}],\"inLanguage\":\"pt-BR\"},{\"@type\":\"Organization\",\"@id\":\"https:\\\/\\\/coltex.com.br\\\/site\\\/#organization\",\"name\":\"Coltex\",\"url\":\"https:\\\/\\\/coltex.com.br\\\/site\\\/\",\"logo\":{\"@type\":\"ImageObject\",\"inLanguage\":\"pt-BR\",\"@id\":\"https:\\\/\\\/coltex.com.br\\\/site\\\/#\\\/schema\\\/logo\\\/image\\\/\",\"url\":\"https:\\\/\\\/coltex.com.br\\\/site\\\/wp-content\\\/uploads\\\/2025\\\/10\\\/logo-coltex-para-o-site-copiar.png\",\"contentUrl\":\"https:\\\/\\\/coltex.com.br\\\/site\\\/wp-content\\\/uploads\\\/2025\\\/10\\\/logo-coltex-para-o-site-copiar.png\",\"width\":424,\"height\":135,\"caption\":\"Coltex\"},\"image\":{\"@id\":\"https:\\\/\\\/coltex.com.br\\\/site\\\/#\\\/schema\\\/logo\\\/image\\\/\"},\"sameAs\":[\"https:\\\/\\\/www.facebook.com\\\/coltextextil\",\"https:\\\/\\\/www.instagram.com\\\/coltextextil\",\"https:\\\/\\\/www.youtube.com\\\/@coltextextil\",\"https:\\\/\\\/www.linkedin.com\\\/company\\\/coltextextil\",\"https:\\\/\\\/br.pinterest.com\\\/coltextextil\"]}]}<\/script>\n<!-- \/ Yoast SEO plugin. -->","yoast_head_json":{"title":"Cole\u00e7\u00e3o VITTA - Coltex","robots":{"index":"index","follow":"follow","max-snippet":"max-snippet:-1","max-image-preview":"max-image-preview:large","max-video-preview":"max-video-preview:-1"},"canonical":"https:\/\/coltex.com.br\/site\/colecao-vitta\/","og_locale":"pt_BR","og_type":"article","og_title":"Cole\u00e7\u00e3o VITTA - Coltex","og_description":"ECOSYSTEM Cole\u00e7\u00e3o VITTA Depois de um tempo, voc\u00ea percebe que a vida \u00e9 uma dan\u00e7a.Que cada passo conta e que cada ciclo tem seu valor. A cole\u00e7\u00e3o VITA est\u00e1 al\u00e9m dos tecidos;\u00c9 uma homenagem profunda \u00e0 ess\u00eancia da vida,Um convite a explorar suas nuances,A se permitir fluir com as transforma\u00e7\u00f5es.Com um nome que ressoa sabedoria [&hellip;]","og_url":"https:\/\/coltex.com.br\/site\/colecao-vitta\/","og_site_name":"Coltex","article_publisher":"https:\/\/www.facebook.com\/coltextextil","article_modified_time":"2026-01-09T19:37:19+00:00","og_image":[{"width":914,"height":1371,"url":"https:\/\/coltex.com.br\/site\/wp-content\/uploads\/2026\/01\/RIVIERA-9-Copia.jpg","type":"image\/jpeg"}],"twitter_card":"summary_large_image","twitter_misc":{"Est. tempo de leitura":"1 minuto"},"schema":{"@context":"https:\/\/schema.org","@graph":[{"@type":"WebPage","@id":"https:\/\/coltex.com.br\/site\/colecao-vitta\/","url":"https:\/\/coltex.com.br\/site\/colecao-vitta\/","name":"Cole\u00e7\u00e3o VITTA - Coltex","isPartOf":{"@id":"https:\/\/coltex.com.br\/site\/#website"},"primaryImageOfPage":{"@id":"https:\/\/coltex.com.br\/site\/colecao-vitta\/#primaryimage"},"image":{"@id":"https:\/\/coltex.com.br\/site\/colecao-vitta\/#primaryimage"},"thumbnailUrl":"https:\/\/coltex.com.br\/site\/wp-content\/uploads\/2026\/01\/RIVIERA-9-Copia-683x1024.jpg","datePublished":"2026-01-09T19:36:19+00:00","dateModified":"2026-01-09T19:37:19+00:00","breadcrumb":{"@id":"https:\/\/coltex.com.br\/site\/colecao-vitta\/#breadcrumb"},"inLanguage":"pt-BR","potentialAction":[{"@type":"ReadAction","target":["https:\/\/coltex.com.br\/site\/colecao-vitta\/"]}]},{"@type":"ImageObject","inLanguage":"pt-BR","@id":"https:\/\/coltex.com.br\/site\/colecao-vitta\/#primaryimage","url":"https:\/\/coltex.com.br\/site\/wp-content\/uploads\/2026\/01\/RIVIERA-9-Copia.jpg","contentUrl":"https:\/\/coltex.com.br\/site\/wp-content\/uploads\/2026\/01\/RIVIERA-9-Copia.jpg","width":914,"height":1371},{"@type":"BreadcrumbList","@id":"https:\/\/coltex.com.br\/site\/colecao-vitta\/#breadcrumb","itemListElement":[{"@type":"ListItem","position":1,"name":"In\u00edcio","item":"https:\/\/coltex.com.br\/site\/"},{"@type":"ListItem","position":2,"name":"Cole\u00e7\u00e3o VITTA"}]},{"@type":"WebSite","@id":"https:\/\/coltex.com.br\/site\/#website","url":"https:\/\/coltex.com.br\/site\/","name":"Coltex","description":"","publisher":{"@id":"https:\/\/coltex.com.br\/site\/#organization"},"potentialAction":[{"@type":"SearchAction","target":{"@type":"EntryPoint","urlTemplate":"https:\/\/coltex.com.br\/site\/?s={search_term_string}"},"query-input":{"@type":"PropertyValueSpecification","valueRequired":true,"valueName":"search_term_string"}}],"inLanguage":"pt-BR"},{"@type":"Organization","@id":"https:\/\/coltex.com.br\/site\/#organization","name":"Coltex","url":"https:\/\/coltex.com.br\/site\/","logo":{"@type":"ImageObject","inLanguage":"pt-BR","@id":"https:\/\/coltex.com.br\/site\/#\/schema\/logo\/image\/","url":"https:\/\/coltex.com.br\/site\/wp-content\/uploads\/2025\/10\/logo-coltex-para-o-site-copiar.png","contentUrl":"https:\/\/coltex.com.br\/site\/wp-content\/uploads\/2025\/10\/logo-coltex-para-o-site-copiar.png","width":424,"height":135,"caption":"Coltex"},"image":{"@id":"https:\/\/coltex.com.br\/site\/#\/schema\/logo\/image\/"},"sameAs":["https:\/\/www.facebook.com\/coltextextil","https:\/\/www.instagram.com\/coltextextil","https:\/\/www.youtube.com\/@coltextextil","https:\/\/www.linkedin.com\/company\/coltextextil","https:\/\/br.pinterest.com\/coltextextil"]}]}},"_links":{"self":[{"href":"https:\/\/coltex.com.br\/site\/wp-json\/wp\/v2\/pages\/2125","targetHints":{"allow":["GET"]}}],"collection":[{"href":"https:\/\/coltex.com.br\/site\/wp-json\/wp\/v2\/pages"}],"about":[{"href":"https:\/\/coltex.com.br\/site\/wp-json\/wp\/v2\/types\/page"}],"author":[{"embeddable":true,"href":"https:\/\/coltex.com.br\/site\/wp-json\/wp\/v2\/users\/2"}],"replies":[{"embeddable":true,"href":"https:\/\/coltex.com.br\/site\/wp-json\/wp\/v2\/comments?post=2125"}],"version-history":[{"count":2,"href":"https:\/\/coltex.com.br\/site\/wp-json\/wp\/v2\/pages\/2125\/revisions"}],"predecessor-version":[{"id":2128,"href":"https:\/\/coltex.com.br\/site\/wp-json\/wp\/v2\/pages\/2125\/revisions\/2128"}],"wp:attachment":[{"href":"https:\/\/coltex.com.br\/site\/wp-json\/wp\/v2\/media?parent=2125"}],"curies":[{"name":"wp","href":"https:\/\/api.w.org\/{rel}","templated":true}]}}